 of b?
2, 1693
Let m(s) = 5*s - 1. Let b = 106 - 86. What are the prime factors of m(b)?
3, 11
Suppose -5*w + u = -2457, -5*u = 4*w - 390 - 1593. List the prime factors of w.
2, 3, 41
Suppose -4*q + 4*k - 7*k + 3823 = 0, 4*q - 5*k - 3815 = 0. What are the prime factors of q?
5, 191
Let o(y) be the first derivative of -151*y**2/2 + 4. Let k be o(2). What are the prime factors of k/(-18) + 10/45?
17
Suppose -4*r - w = 0, 0*r = -5*r + 2*w. Let y be 2 + (r - 9/3). List the prime factors of (42 - y)/(6/6).
43
Suppose 0 = 12*b - 11*b + 141. Let x = b - -227. What are the prime factors of x?
2, 43
Suppose z - 19*z + 47250 = 0. What are the prime factors of z?
3, 5, 7
Let n = -3 + 5. Let p = 7 - -2. What are the prime factors of (-528)/(-54) + n/p?
2, 5
Let t = -510 + 1049. What are the prime factors of t?
7, 11
List the prime factors of (-84)/49 + 2 - 20259/(-21).
5, 193
Let c(q) = 58*q - 601. List the prime factors of c(14).
211
Let b be 6/(-2 - (80/(-12))/5). What are the prime factors of b/(-6)*132/27*12?
2, 11
Suppose -229 + 1310 = o. List the prime factors of o.
23, 47
Suppose p - c - 5 = 0, 2*c + 3*c = -5*p + 15. Suppose -115 = p*r - 347. List the prime factors of r.
2, 29
Let u = -2746 + 3968. What are the prime factors of u?
2, 13, 47
Let l = 0 + 0. Suppose 5*s - 1 - 40 = -4*t, 2*s - t - 6 = l. Suppose s*h = -k + 22, -4*h + 5 = 6*k - k. List the prime factors of h.
5
Suppose -5*w + 6 = -3*l + 2, l + 8 = 5*w. Suppose -2*z = l*z - 588. List the prime factors of z.
3, 7
Let j = -25 + 90. What are the prime factors of j*(-12)/(-80)*4?
3, 13
Let q(g) = 19*g - 142*g + 12*g. List the prime factors of q(-1).
3, 37
Let a = 244 + 401. List the prime factors of a.
3, 5, 43
Let f(o) = o**3 + 6*o**2 + 2*o - 7. Let p be f(-5). Let n = -99 + p. Let k = -55 - n. List the prime factors of k.
2, 3
Suppose 13*g - 15*g + 2840 = 0. List the prime factors of g.
2, 5, 71
Suppose -5*j + 5*g - 332 + 1102 = 0, -2*g + 320 = 2*j. Let m = -67 + j. What are the prime factors of m?
2, 3, 5
Let l(t) be the third derivative of -t**4/12 - 10*t**3/3 + 16*t**2. List the prime factors of l(-14).
2
Let w(s) = -2*s**3 + 4*s**2 + 3. Let o be w(3). Let i(d) = 2*d**3 - 2*d**2 - 3*d - 2. Let h be i(-2). What are the prime factors of h/o + (-6)/(-9)?
2
What are the prime factors of (-2 - (-429)/2) + 5/(-10)?
2, 53
What are the prime factors of (-15)/(-3)*-1 - -2953?
2, 11, 67
Suppose -5*u - b = -3*b - 2, -5*b = -4*u - 12. Suppose n + 2 = u*n. What are the prime factors of 204/9*3/n?
2, 17
Let s = -3791 + 6267. List the prime factors of s.
2, 619
Let g(x) = x**3 + 15*x**2 + 3*x + 7. What are the prime factors of g(-12)?
13, 31
Suppose -3*t = -9 + 3. What are the prime factors of (-4 - (4 - t))*-12?
2, 3
Let q be 16/6*(-45)/(-12). Let y(u) = -2*u + 8. Let b be y(6). Let c = b + q. List the prime factors of c.
2, 3
Suppose -5*j = -2*r - 20, 2*r = r. Suppose -j*f - 16 = -2*u, -2*u + u = 5*f - 43. List the prime factors of u.
2, 3
Let j(f) = -f**3 - 2*f**2 + 3*f + 5. Suppose 0*r - 9 = -2*r - 3*p, -5*r - 2*p - 5 = 0. Let x be j(r). What are the prime factors of (-950)/(-20)*4/x?
2, 19
Let a = 13 - 16. Let u be (-3 - -6)*a - 1. Let m = 15 + u. What are the prime factors of m?
5
Let d(u) be the second derivative of -5*u**3/6 - 9*u**2/2 + 6*u. Suppose a + 22 = -6*v + 3*v, 4*v + 5*a + 44 = 0. List the prime factors of d(v).
3, 7
Let s = 13 - -20. Let p = 38 - s. Suppose -188 - 132 = -p*c. What are the prime factors of c?
2
Let w(u) = -82*u - 90. What are the prime factors of w(-27)?
2, 3, 59
Suppose 0 = -4*v + 4. List the prime factors of (-20)/5 - (v*-265 + 0).
3, 29
Let a(x) = 17*x**3 - 4*x**2 + 2*x + 4. Let p be a(2). Suppose -p = -5*m + r, 2*m - 39 = 2*r + 17. List the prime factors of m.
5
Suppose 8*z = 10*z - 36. Let p be 2/(-6)*z/(-3). List the prime factors of (-754)/(-52) + (-1)/p.
2, 7
Let n(c) = 9*c**3 + 2*c**2 - c. Let l be n(1). Let w = 17 - l. Let g(v) = v. What are the prime factors of g(w)?
7
Suppose -8173 = 33*x - 35530. List the prime factors of x.
829
Suppose -2*w = w - 3*z - 51, 0 = -2*z + 6. Suppose -w*v + 1062 = -17*v. List the prime factors of v.
2, 3, 59
Let n = 15 + -10. Suppose -n*f - 175 = -0*f. What are the prime factors of (f/10)/(1/(-6))?
3, 7
Let k(f) = 0*f + 3 - 4 - 11*f - 2. Let c be k(-4). What are the prime factors of (4 - 3)*1*c?
41
Let r(a) = 0 + 0 - 5 - 2 + a. Let s be r(10). Suppose s*u - 38 = -2*w + w, -u - 217 = -4*w. What are the prime factors of w?
53
Let p(b) = -b**2 + b. Let n be p(5). Let y be 5/(2 - (-39)/n). Suppose -2*h = -3*q + h + 69, -5*q = -2*h - y. List the prime factors of q.
2, 3
Let n(p) = 3*p - 18. Let m(c) = -3*c + 19. Let b(v) = -4*m(v) - 5*n(v). What are the prime factors of b(-7)?
5, 7
Suppose -8745 + 1241 = -7*b. What are the prime factors of b?
2, 67
Suppose 0 = 9*n - 18*n + 2556. List the prime factors of n.
2, 71
Let v(m) = -41*m - 92. List the prime factors of v(-19).
3, 229
Let i = -21 - -25. Suppose -480 = -j - i*j. List the prime factors of j.
2, 3
Let t = -538 - -1095. Let b = 788 - t. List the prime factors of b.
3, 7, 11
Suppose 0 = 6*l - l - 20. Suppose l*x - 27 = x. Suppose 2*j + 2*s - 90 = 0, -3*s - 185 = 4*j - x*j. What are the prime factors of j?
2, 5
Let v(n) be the first derivative of -5*n**7/56 - n**5/120 - n**4/24 - 13*n**3/3 + 1. Let i(s) be the third derivative of v(s). List the prime factors of i(-1).
3, 5
Let y(t) = 24*t + 12. Let d be y(12). Suppose -5*s = 5*g - 330, 5*s + 0*s = g + d. Let n = s - 43. What are the prime factors of n?
2, 3
Let t = -52 + 59. Suppose -t*h + h = -282. What are the prime factors of h?
47
Suppose -3*x - 2*u + 5 = -0*x, u + 10 = x. Suppose 13 = x*r - l - 203, 175 = 4*r - 3*l. List the prime factors of r.
43
Suppose -2*z = 3*z - 2625. List the prime factors of z.
3, 5, 7
Let u(l) be the second derivative of -4*l**5/15 + l**4/12 + 7*l**3/6 + 9*l. Let m(o) be the second derivative of u(o). List the prime factors of m(-2).
2, 3, 11
Let j(d) = -21*d + 9. Let i be j(-1). Suppose 10*b - 4*b - i = 0. What are the prime factors of b?
5
Suppose 0*s = 2*s + 24. Let v = -6 - s. Suppose -x + v = x. What are the prime factors of x?
3
Suppose -4*a - 4*d + 308 = 0, 139 = 5*a - 3*a - 3*d. Suppose 51 + 36 = -3*x. Let h = x + a. List the prime factors of h.
3, 5
Suppose r = -4*r. Suppose -a - 2*o + 0*o + 5 = r, -o = a - 4. Suppose 4*s + 18 = a*y + 115, -2*s + y = -47. What are the prime factors of s?
2, 11
Suppose -2*y + 147 = -3*w - 5*y, -5*w - y - 241 = 0. List the prime factors of (-335)/(-6) + (-8)/w.
2, 7
Let n = 51 - 82. Suppose -o = -3*j + 175, -4*j - j + 2*o = -291. Let v = j + n. What are the prime factors of v?
2, 7
Let o(r) = -r**2 - 13*r + 5. Let z be o(-12). Let v = 42 - z. Suppose 0 = -n + 6*n - v. List the prime factors of n.
5
Let q = 17 - 27. Suppose 0 = -3*d - 5*k + 41, d + 3*k = -2*d + 33. Let l = d - q. What are the prime factors of l?
17
Let j = -215 + 343. List the prime factors of j.
2
Suppose 5*q + 3*y = 7*y + 924, 3*q - 549 = -3*y. What are the prime factors of q?
2, 23
Let s be ((-12)/9)/(2/(-3)). Let w be (-2)/s - (-2 + -95). Suppose 6*n = 4*n + w. What are the prime factors of n?
2, 3
Let g be -3 - 2/((-4)/6). Suppose -i - 6 = -3*r - g, -9 = -i - 2*r. Suppose -l + 5*f + 40 = 0, 60 = i*l - f - 2*f. What are the prime factors of l?
3, 5
Suppose 0*o = -2*o + 1720. What are the prime factors of o?
2, 5, 43
Let z(c) = c**2 + 4*c + 5. Let u be z(-4). Suppose 4*b - 160 = -2*y, -4*y + 2*y = -u*b - 169. List the prime factors of y.
2, 41
Suppose -7*x - 619 = -2565. What are the prime factors of x?
2, 139
Let m = -316 + 156. Let q = 303 + m. What are the prime factors of q?
11, 13
Let x(k) = 2*k**3 - 28*k**2 + 28*k + 42. What are the prime factors of x(13)?
2, 17
What are the prime factors of -3 + 72/21 + (-78554)/(-98)?
2, 401
Let j = 68 + -64. Suppose -j*x + 134 = -122. List the prime factors of x.
2
List the prime factors of ((-6)/(-15))/(-1) + (-17226)/(-15).
2, 7, 41
Let n(i) = i**3 + 8*i**2 + 6*i + 8. Suppose 3*a + 7 = -w, w + 2 = -2*a - 5. What are the prime factors of n(w)?
3, 5
Let a be (-3 + 0)*(-74)/(-6). Let m = a + 56. What are the prime factors of m?
19
Suppose -4*c + 11 = 3. Suppose -3*h - m = -0*h - 977, 1304 = 4*h + c*m. What are the prime factors of h?
5, 13
Let